{"id":66,"date":"2012-04-23T06:02:59","date_gmt":"2012-04-23T04:02:59","guid":{"rendered":"http:\/\/grundschule-kleinblittersdorf.de\/?page_id=66"},"modified":"2025-10-05T09:41:32","modified_gmt":"2025-10-05T07:41:32","slug":"projekte-ags","status":"publish","type":"page","link":"https:\/\/grundschule-kleinblittersdorf.de\/?page_id=66","title":{"rendered":"AGs \/ Projekte"},"content":{"rendered":"<p><strong>AG<\/strong><\/p>\n<p>Unsere Schule bietet auch in diesem Schuljahr wieder ein vielf\u00e4ltiges AG-Angebot.<\/p>\n<p><strong>Montag<\/strong><\/p>\n<ul>\n<li>Film-AG (Klasse 4)<\/li>\n<li>B\u00fchnenkunst-AG (Klasse 2)<\/li>\n<li>Yoga-AG (Klassen 2\/3)<\/li>\n<li>Tablet-AG (Klasse 3)<\/li>\n<\/ul>\n<p><strong>Mittwoch<\/strong><\/p>\n<ul>\n<li>Badminton-AG (Klassen 3\/4)<\/li>\n<li>Handarbeits-AG (Klassen 2\u20134)<\/li>\n<li>Naturschutz-AG (Klasse 2)<\/li>\n<\/ul>\n<p><strong>Donnerstag<\/strong><\/p>\n<ul>\n<li>Kunst &amp; Kinderliteratur-AG (Klassen 2\/3)<\/li>\n<li>Forschen &amp; Experimentieren-AG (Klasse 3)<\/li>\n<\/ul>\n<p><strong>Projekte<\/strong><\/p>\n<ul>\n<li><a href=\"http:\/\/www.klasse2000.de\">Klasse 2000<\/a><\/li>\n<li>Pr\u00e4ventionsprojekt &#8222;Kinderansprecher und Onlinegefahren&#8220;<\/li>\n<li>Spielzeugbasar durch die Schulsozialarbeit<\/li>\n<li>Kooperation mit dem F\u00f6rderverein des Freibads Kleinblittersdorf<\/li>\n<li>Vernetzung der Kinder- und Jugendarbeit Kleinblittersdorf<\/li>\n<li>Nachhaltigkeits-Challenge<\/li>\n<li>Pausen1x1<\/li>\n<li>Picobello<\/li>\n<li>Schulhausgestaltung<\/li>\n<li>Schulbibliothek: Die Schulbibliothek wird von Eltern im Wechsel betrieben.<br \/>\n\u00d6ffnungszeiten: Dienstags von 8.00 Uhr bis 10.00 Uhr<\/li>\n<li>Streuobstwiese: Die Schule besitzt eine Streuobstwiese, die von den Sch\u00fclern, unterst\u00fctzt von der Gemeinde und Privatpersonen, gepflegt wird.<\/li>\n<li>Inklusion: regelm\u00e4\u00dfige Besuche bei und von der Rexroth-H\u00f6he<\/li>\n<li>Webseite:<br \/>\nErstellung\/Gestaltung: Marcus Hoffmann<br \/>\nAdministration: Marcus Hoffmann<br \/>\nInhalt: Lehrer, Eltern, Sch\u00fcler<\/li>\n<\/ul>\n","protected":false},"excerpt":{"rendered":"<p>AG Unsere Schule bietet auch in diesem Schuljahr wieder ein vielf\u00e4ltiges AG-Angebot. Montag Film-AG (Klasse 4) B\u00fchnenkunst-AG (Klasse 2) Yoga-AG (Klassen 2\/3) Tablet-AG (Klasse 3) Mittwoch Badminton-AG (Klassen 3\/4) Handarbeits-AG (Klassen 2\u20134) Naturschutz-AG (Klasse 2) Donnerstag Kunst &amp; Kinderliteratur-AG (Klassen 2\/3) Forschen &amp; Experimentieren-AG (Klasse 3) Projekte Klasse 2000 Pr\u00e4ventionsprojekt &#8222;Kinderansprecher und Onlinegefahren&#8220; Spielzeugbasar durch [&hellip;]<\/p>\n","protected":false},"author":1,"featured_media":0,"parent":0,"menu_order":6,"comment_status":"closed","ping_status":"closed","template":"","meta":[],"_links":{"self":[{"href":"https:\/\/grundschule-kleinblittersdorf.de\/index.php?rest_route=\/wp\/v2\/pages\/66"}],"collection":[{"href":"https:\/\/grundschule-kleinblittersdorf.de\/index.php?rest_route=\/wp\/v2\/pages"}],"about":[{"href":"https:\/\/grundschule-kleinblittersdorf.de\/index.php?rest_route=\/wp\/v2\/types\/page"}],"author":[{"embeddable":true,"href":"https:\/\/grundschule-kleinblittersdorf.de\/index.php?rest_route=\/wp\/v2\/users\/1"}],"replies":[{"embeddable":true,"href":"https:\/\/grundschule-kleinblittersdorf.de\/index.php?rest_route=%2Fwp%2Fv2%2Fcomments&post=66"}],"version-history":[{"count":42,"href":"https:\/\/grundschule-kleinblittersdorf.de\/index.php?rest_route=\/wp\/v2\/pages\/66\/revisions"}],"predecessor-version":[{"id":5529,"href":"https:\/\/grundschule-kleinblittersdorf.de\/index.php?rest_route=\/wp\/v2\/pages\/66\/revisions\/5529"}],"wp:attachment":[{"href":"https:\/\/grundschule-kleinblittersdorf.de\/index.php?rest_route=%2Fwp%2Fv2%2Fmedia&parent=66"}],"curies":[{"name":"wp","href":"https:\/\/api.w.org\/{rel}","templated":true}]}}