{"id":4822,"date":"2023-11-24T15:22:11","date_gmt":"2023-11-24T14:22:11","guid":{"rendered":"https:\/\/grundschule-kleinblittersdorf.de\/?page_id=4822"},"modified":"2024-02-28T16:31:36","modified_gmt":"2024-02-28T15:31:36","slug":"bne","status":"publish","type":"page","link":"https:\/\/grundschule-kleinblittersdorf.de\/?page_id=4822","title":{"rendered":"BNE"},"content":{"rendered":"\n<p class=\"has-text-align-center has-large-font-size\">Bildung f\u00fcr Nachhaltige Entwicklung<\/p>\n\n\n\n<div class=\"wp-block-image\"><figure class=\"aligncenter size-large\"><a href=\"https:\/\/grundschule-kleinblittersdorf.de\/wp-content\/uploads\/2024\/02\/SDGs-German-Red-JPEG-scaled.jpg\"><img loading=\"lazy\" width=\"1024\" height=\"873\" src=\"https:\/\/grundschule-kleinblittersdorf.de\/wp-content\/uploads\/2024\/02\/SDGs-German-Red-JPEG-1024x873.jpg\" alt=\"\" class=\"wp-image-4978\" srcset=\"https:\/\/grundschule-kleinblittersdorf.de\/wp-content\/uploads\/2024\/02\/SDGs-German-Red-JPEG-1024x873.jpg 1024w, https:\/\/grundschule-kleinblittersdorf.de\/wp-content\/uploads\/2024\/02\/SDGs-German-Red-JPEG-300x256.jpg 300w, https:\/\/grundschule-kleinblittersdorf.de\/wp-content\/uploads\/2024\/02\/SDGs-German-Red-JPEG-768x654.jpg 768w, https:\/\/grundschule-kleinblittersdorf.de\/wp-content\/uploads\/2024\/02\/SDGs-German-Red-JPEG-1536x1309.jpg 1536w, https:\/\/grundschule-kleinblittersdorf.de\/wp-content\/uploads\/2024\/02\/SDGs-German-Red-JPEG-2048x1745.jpg 2048w\" sizes=\"(max-width: 1024px) 100vw, 1024px\" \/><\/a><figcaption>https:\/\/www.unesco.de\/bildung\/agenda-bildung-2030\/bildung-und-die-sdgs (abgerufen am 09.02.2024)<\/figcaption><\/figure><\/div>\n\n\n\n<p><strong><span class=\"has-inline-color has-colibri-color-3-color\">Darstellung der Agenda 2030 in unserer Schule <\/span><\/strong><\/p>\n\n\n\n<figure class=\"wp-block-image size-large\"><a href=\"https:\/\/grundschule-kleinblittersdorf.de\/wp-content\/uploads\/2024\/02\/BNE-1.png\"><img loading=\"lazy\" width=\"1024\" height=\"724\" src=\"https:\/\/grundschule-kleinblittersdorf.de\/wp-content\/uploads\/2024\/02\/BNE-1-1024x724.png\" alt=\"\" class=\"wp-image-5051\" srcset=\"https:\/\/grundschule-kleinblittersdorf.de\/wp-content\/uploads\/2024\/02\/BNE-1-1024x724.png 1024w, https:\/\/grundschule-kleinblittersdorf.de\/wp-content\/uploads\/2024\/02\/BNE-1-300x212.png 300w, https:\/\/grundschule-kleinblittersdorf.de\/wp-content\/uploads\/2024\/02\/BNE-1-768x543.png 768w, https:\/\/grundschule-kleinblittersdorf.de\/wp-content\/uploads\/2024\/02\/BNE-1-1536x1086.png 1536w, https:\/\/grundschule-kleinblittersdorf.de\/wp-content\/uploads\/2024\/02\/BNE-1.png 1686w\" sizes=\"(max-width: 1024px) 100vw, 1024px\" \/><\/a><\/figure>\n\n\n\n<figure class=\"wp-block-image size-large\"><a href=\"https:\/\/grundschule-kleinblittersdorf.de\/wp-content\/uploads\/2024\/02\/BNE-2.png\"><img loading=\"lazy\" width=\"1024\" height=\"307\" src=\"https:\/\/grundschule-kleinblittersdorf.de\/wp-content\/uploads\/2024\/02\/BNE-2-1024x307.png\" alt=\"\" class=\"wp-image-5052\" srcset=\"https:\/\/grundschule-kleinblittersdorf.de\/wp-content\/uploads\/2024\/02\/BNE-2-1024x307.png 1024w, https:\/\/grundschule-kleinblittersdorf.de\/wp-content\/uploads\/2024\/02\/BNE-2-300x90.png 300w, https:\/\/grundschule-kleinblittersdorf.de\/wp-content\/uploads\/2024\/02\/BNE-2-768x230.png 768w, https:\/\/grundschule-kleinblittersdorf.de\/wp-content\/uploads\/2024\/02\/BNE-2-1536x460.png 1536w, https:\/\/grundschule-kleinblittersdorf.de\/wp-content\/uploads\/2024\/02\/BNE-2.png 1688w\" sizes=\"(max-width: 1024px) 100vw, 1024px\" \/><\/a><\/figure>\n\n\n\n<p><strong><span class=\"has-inline-color has-colibri-color-3-color\">Challenge der Nachhaltigkeit<\/span><\/strong><\/p>\n\n\n\n<p>Unser B\u00fcchereiteam hat sich eine tolle Herausforderung f\u00fcr die Sch\u00fclerInnen der GS Kleinblittersdorf \u00fcberlegt. Die Kinder k\u00f6nnen nun kleine Challenges bew\u00e4ltigen und diese beim n\u00e4chsten B\u00fcchereibesuch vorzeigen. So macht Nachhaltigkeit Spa\u00df und es wird in den Unterricht integriert. Bei den Klassen kam diese Idee hervorragend an. Gesammelt werden die Challenges und die verdienten Stempel in einem &#8222;Challenge-Heft&#8220;. Die Klassen haben sehr viel Spa\u00df und freuen sich auf weitere M\u00f6glichkeiten Nachhaltigkeit zu erfahren.<\/p>\n\n\n\n<figure class=\"wp-block-gallery columns-3 is-cropped\"><ul class=\"blocks-gallery-grid\"><li class=\"blocks-gallery-item\"><figure><a href=\"https:\/\/grundschule-kleinblittersdorf.de\/wp-content\/uploads\/2024\/01\/a3183613-7b7f-46cf-ac16-de76ad03b6e8.jpg\"><img loading=\"lazy\" width=\"768\" height=\"1024\" src=\"https:\/\/grundschule-kleinblittersdorf.de\/wp-content\/uploads\/2024\/01\/a3183613-7b7f-46cf-ac16-de76ad03b6e8-768x1024.jpg\" alt=\"\" data-id=\"4893\" data-full-url=\"https:\/\/grundschule-kleinblittersdorf.de\/wp-content\/uploads\/2024\/01\/a3183613-7b7f-46cf-ac16-de76ad03b6e8.jpg\" data-link=\"https:\/\/grundschule-kleinblittersdorf.de\/?attachment_id=4893\" class=\"wp-image-4893\" srcset=\"https:\/\/grundschule-kleinblittersdorf.de\/wp-content\/uploads\/2024\/01\/a3183613-7b7f-46cf-ac16-de76ad03b6e8-768x1024.jpg 768w, https:\/\/grundschule-kleinblittersdorf.de\/wp-content\/uploads\/2024\/01\/a3183613-7b7f-46cf-ac16-de76ad03b6e8-225x300.jpg 225w, https:\/\/grundschule-kleinblittersdorf.de\/wp-content\/uploads\/2024\/01\/a3183613-7b7f-46cf-ac16-de76ad03b6e8-1152x1536.jpg 1152w, https:\/\/grundschule-kleinblittersdorf.de\/wp-content\/uploads\/2024\/01\/a3183613-7b7f-46cf-ac16-de76ad03b6e8.jpg 1536w\" sizes=\"(max-width: 768px) 100vw, 768px\" \/><\/a><\/figure><\/li><li class=\"blocks-gallery-item\"><figure><a href=\"https:\/\/grundschule-kleinblittersdorf.de\/wp-content\/uploads\/2024\/01\/d8765f4a-85b7-4f7a-b8f8-d31742306529.jpg\"><img loading=\"lazy\" width=\"768\" height=\"1024\" src=\"https:\/\/grundschule-kleinblittersdorf.de\/wp-content\/uploads\/2024\/01\/d8765f4a-85b7-4f7a-b8f8-d31742306529-768x1024.jpg\" alt=\"\" data-id=\"4894\" data-full-url=\"https:\/\/grundschule-kleinblittersdorf.de\/wp-content\/uploads\/2024\/01\/d8765f4a-85b7-4f7a-b8f8-d31742306529.jpg\" data-link=\"https:\/\/grundschule-kleinblittersdorf.de\/?attachment_id=4894\" class=\"wp-image-4894\" srcset=\"https:\/\/grundschule-kleinblittersdorf.de\/wp-content\/uploads\/2024\/01\/d8765f4a-85b7-4f7a-b8f8-d31742306529-768x1024.jpg 768w, https:\/\/grundschule-kleinblittersdorf.de\/wp-content\/uploads\/2024\/01\/d8765f4a-85b7-4f7a-b8f8-d31742306529-225x300.jpg 225w, https:\/\/grundschule-kleinblittersdorf.de\/wp-content\/uploads\/2024\/01\/d8765f4a-85b7-4f7a-b8f8-d31742306529-1152x1536.jpg 1152w, https:\/\/grundschule-kleinblittersdorf.de\/wp-content\/uploads\/2024\/01\/d8765f4a-85b7-4f7a-b8f8-d31742306529.jpg 1536w\" sizes=\"(max-width: 768px) 100vw, 768px\" \/><\/a><\/figure><\/li><li class=\"blocks-gallery-item\"><figure><a href=\"https:\/\/grundschule-kleinblittersdorf.de\/wp-content\/uploads\/2024\/01\/a0efb441-44cb-4bb1-b85c-215605084efe-1.jpg\"><img loading=\"lazy\" width=\"944\" height=\"907\" src=\"https:\/\/grundschule-kleinblittersdorf.de\/wp-content\/uploads\/2024\/01\/a0efb441-44cb-4bb1-b85c-215605084efe-1.jpg\" alt=\"\" data-id=\"4895\" data-full-url=\"https:\/\/grundschule-kleinblittersdorf.de\/wp-content\/uploads\/2024\/01\/a0efb441-44cb-4bb1-b85c-215605084efe-1.jpg\" data-link=\"https:\/\/grundschule-kleinblittersdorf.de\/?attachment_id=4895\" class=\"wp-image-4895\" srcset=\"https:\/\/grundschule-kleinblittersdorf.de\/wp-content\/uploads\/2024\/01\/a0efb441-44cb-4bb1-b85c-215605084efe-1.jpg 944w, https:\/\/grundschule-kleinblittersdorf.de\/wp-content\/uploads\/2024\/01\/a0efb441-44cb-4bb1-b85c-215605084efe-1-300x288.jpg 300w, https:\/\/grundschule-kleinblittersdorf.de\/wp-content\/uploads\/2024\/01\/a0efb441-44cb-4bb1-b85c-215605084efe-1-768x738.jpg 768w\" sizes=\"(max-width: 944px) 100vw, 944px\" \/><\/a><\/figure><\/li><li class=\"blocks-gallery-item\"><figure><a href=\"https:\/\/grundschule-kleinblittersdorf.de\/wp-content\/uploads\/2024\/01\/9efa8040-7b28-4cf2-93a8-a3b83aecdbee.jpg\"><img loading=\"lazy\" width=\"768\" height=\"1024\" src=\"https:\/\/grundschule-kleinblittersdorf.de\/wp-content\/uploads\/2024\/01\/9efa8040-7b28-4cf2-93a8-a3b83aecdbee-768x1024.jpg\" alt=\"\" data-id=\"4890\" data-full-url=\"https:\/\/grundschule-kleinblittersdorf.de\/wp-content\/uploads\/2024\/01\/9efa8040-7b28-4cf2-93a8-a3b83aecdbee.jpg\" data-link=\"https:\/\/grundschule-kleinblittersdorf.de\/?attachment_id=4890\" class=\"wp-image-4890\" srcset=\"https:\/\/grundschule-kleinblittersdorf.de\/wp-content\/uploads\/2024\/01\/9efa8040-7b28-4cf2-93a8-a3b83aecdbee-768x1024.jpg 768w, https:\/\/grundschule-kleinblittersdorf.de\/wp-content\/uploads\/2024\/01\/9efa8040-7b28-4cf2-93a8-a3b83aecdbee-225x300.jpg 225w, https:\/\/grundschule-kleinblittersdorf.de\/wp-content\/uploads\/2024\/01\/9efa8040-7b28-4cf2-93a8-a3b83aecdbee-1152x1536.jpg 1152w, https:\/\/grundschule-kleinblittersdorf.de\/wp-content\/uploads\/2024\/01\/9efa8040-7b28-4cf2-93a8-a3b83aecdbee.jpg 1536w\" sizes=\"(max-width: 768px) 100vw, 768px\" \/><\/a><\/figure><\/li><li class=\"blocks-gallery-item\"><figure><a href=\"https:\/\/grundschule-kleinblittersdorf.de\/wp-content\/uploads\/2024\/01\/2ad0fbdf-7c60-4829-b612-de24ca367886-1.jpg\"><img loading=\"lazy\" width=\"768\" height=\"1024\" src=\"https:\/\/grundschule-kleinblittersdorf.de\/wp-content\/uploads\/2024\/01\/2ad0fbdf-7c60-4829-b612-de24ca367886-1-768x1024.jpg\" alt=\"\" data-id=\"4889\" data-full-url=\"https:\/\/grundschule-kleinblittersdorf.de\/wp-content\/uploads\/2024\/01\/2ad0fbdf-7c60-4829-b612-de24ca367886-1.jpg\" data-link=\"https:\/\/grundschule-kleinblittersdorf.de\/?attachment_id=4889\" class=\"wp-image-4889\" srcset=\"https:\/\/grundschule-kleinblittersdorf.de\/wp-content\/uploads\/2024\/01\/2ad0fbdf-7c60-4829-b612-de24ca367886-1-768x1024.jpg 768w, https:\/\/grundschule-kleinblittersdorf.de\/wp-content\/uploads\/2024\/01\/2ad0fbdf-7c60-4829-b612-de24ca367886-1-225x300.jpg 225w, https:\/\/grundschule-kleinblittersdorf.de\/wp-content\/uploads\/2024\/01\/2ad0fbdf-7c60-4829-b612-de24ca367886-1-1152x1536.jpg 1152w, https:\/\/grundschule-kleinblittersdorf.de\/wp-content\/uploads\/2024\/01\/2ad0fbdf-7c60-4829-b612-de24ca367886-1.jpg 1536w\" sizes=\"(max-width: 768px) 100vw, 768px\" \/><\/a><\/figure><\/li><li class=\"blocks-gallery-item\"><figure><a href=\"https:\/\/grundschule-kleinblittersdorf.de\/wp-content\/uploads\/2024\/01\/567148d0-038b-4140-ada7-eec8bfc1d7c0.jpg\"><img loading=\"lazy\" width=\"768\" height=\"1024\" src=\"https:\/\/grundschule-kleinblittersdorf.de\/wp-content\/uploads\/2024\/01\/567148d0-038b-4140-ada7-eec8bfc1d7c0-768x1024.jpg\" alt=\"\" data-id=\"4891\" data-full-url=\"https:\/\/grundschule-kleinblittersdorf.de\/wp-content\/uploads\/2024\/01\/567148d0-038b-4140-ada7-eec8bfc1d7c0.jpg\" data-link=\"https:\/\/grundschule-kleinblittersdorf.de\/?attachment_id=4891\" class=\"wp-image-4891\" srcset=\"https:\/\/grundschule-kleinblittersdorf.de\/wp-content\/uploads\/2024\/01\/567148d0-038b-4140-ada7-eec8bfc1d7c0-768x1024.jpg 768w, https:\/\/grundschule-kleinblittersdorf.de\/wp-content\/uploads\/2024\/01\/567148d0-038b-4140-ada7-eec8bfc1d7c0-225x300.jpg 225w, https:\/\/grundschule-kleinblittersdorf.de\/wp-content\/uploads\/2024\/01\/567148d0-038b-4140-ada7-eec8bfc1d7c0-1152x1536.jpg 1152w, https:\/\/grundschule-kleinblittersdorf.de\/wp-content\/uploads\/2024\/01\/567148d0-038b-4140-ada7-eec8bfc1d7c0.jpg 1536w\" sizes=\"(max-width: 768px) 100vw, 768px\" \/><\/a><\/figure><\/li><\/ul><\/figure>\n\n\n\n<p><strong><span class=\"has-inline-color has-colibri-color-2-color\">Zusammentreffen mit den BewohnerInnen der Rexroth-H\u00f6he (Wohnverbund Rexroth-H\u00f6he)<\/span><span class=\"has-inline-color has-colibri-color-2-color\"><\/span><\/strong><\/p>\n\n\n\n<p>Unsere Klasse 2.2 wurde von den BewohnerInnen der Rexroth-H\u00f6he besucht. Gegenseitig wurden Geschenke ausgetauscht. Es wurde gemeinsam gesungen, gelacht und gespielt. Kinder und BewohnerInnen der Rexroth-H\u00f6he genie\u00dfen diesen Austausch und die gemeinsame Zeit. Das n\u00e4chste Zusammentreffen findet an Ostern statt.<\/p>\n\n\n\n<figure class=\"wp-block-gallery columns-2 is-cropped\"><ul class=\"blocks-gallery-grid\"><li class=\"blocks-gallery-item\"><figure><a href=\"https:\/\/grundschule-kleinblittersdorf.de\/wp-content\/uploads\/2024\/01\/d3f21d33-b78b-40fd-9e7b-a6ba827b7fcc-1.jpg\"><img loading=\"lazy\" width=\"1024\" height=\"768\" src=\"https:\/\/grundschule-kleinblittersdorf.de\/wp-content\/uploads\/2024\/01\/d3f21d33-b78b-40fd-9e7b-a6ba827b7fcc-1-1024x768.jpg\" alt=\"\" data-id=\"4866\" data-full-url=\"https:\/\/grundschule-kleinblittersdorf.de\/wp-content\/uploads\/2024\/01\/d3f21d33-b78b-40fd-9e7b-a6ba827b7fcc-1.jpg\" data-link=\"https:\/\/grundschule-kleinblittersdorf.de\/?attachment_id=4866\" class=\"wp-image-4866\" srcset=\"https:\/\/grundschule-kleinblittersdorf.de\/wp-content\/uploads\/2024\/01\/d3f21d33-b78b-40fd-9e7b-a6ba827b7fcc-1-1024x768.jpg 1024w, https:\/\/grundschule-kleinblittersdorf.de\/wp-content\/uploads\/2024\/01\/d3f21d33-b78b-40fd-9e7b-a6ba827b7fcc-1-300x225.jpg 300w, https:\/\/grundschule-kleinblittersdorf.de\/wp-content\/uploads\/2024\/01\/d3f21d33-b78b-40fd-9e7b-a6ba827b7fcc-1-768x576.jpg 768w, https:\/\/grundschule-kleinblittersdorf.de\/wp-content\/uploads\/2024\/01\/d3f21d33-b78b-40fd-9e7b-a6ba827b7fcc-1-1536x1152.jpg 1536w, https:\/\/grundschule-kleinblittersdorf.de\/wp-content\/uploads\/2024\/01\/d3f21d33-b78b-40fd-9e7b-a6ba827b7fcc-1.jpg 2040w\" sizes=\"(max-width: 1024px) 100vw, 1024px\" \/><\/a><\/figure><\/li><li class=\"blocks-gallery-item\"><figure><a href=\"https:\/\/grundschule-kleinblittersdorf.de\/wp-content\/uploads\/2024\/01\/f9045eae-75cc-4174-9512-1174f6717859-2.jpg\"><img loading=\"lazy\" width=\"1024\" height=\"768\" src=\"https:\/\/grundschule-kleinblittersdorf.de\/wp-content\/uploads\/2024\/01\/f9045eae-75cc-4174-9512-1174f6717859-2-1024x768.jpg\" alt=\"\" data-id=\"4867\" data-full-url=\"https:\/\/grundschule-kleinblittersdorf.de\/wp-content\/uploads\/2024\/01\/f9045eae-75cc-4174-9512-1174f6717859-2.jpg\" data-link=\"https:\/\/grundschule-kleinblittersdorf.de\/?attachment_id=4867\" class=\"wp-image-4867\" srcset=\"https:\/\/grundschule-kleinblittersdorf.de\/wp-content\/uploads\/2024\/01\/f9045eae-75cc-4174-9512-1174f6717859-2-1024x768.jpg 1024w, https:\/\/grundschule-kleinblittersdorf.de\/wp-content\/uploads\/2024\/01\/f9045eae-75cc-4174-9512-1174f6717859-2-300x225.jpg 300w, https:\/\/grundschule-kleinblittersdorf.de\/wp-content\/uploads\/2024\/01\/f9045eae-75cc-4174-9512-1174f6717859-2-768x576.jpg 768w, https:\/\/grundschule-kleinblittersdorf.de\/wp-content\/uploads\/2024\/01\/f9045eae-75cc-4174-9512-1174f6717859-2-1536x1152.jpg 1536w, https:\/\/grundschule-kleinblittersdorf.de\/wp-content\/uploads\/2024\/01\/f9045eae-75cc-4174-9512-1174f6717859-2.jpg 2048w\" sizes=\"(max-width: 1024px) 100vw, 1024px\" \/><\/a><\/figure><\/li><\/ul><\/figure>\n\n\n\n<p class=\"has-medium-font-size\">Weitere Projekte:<\/p>\n\n\n\n<p><a href=\"https:\/\/grundschule-kleinblittersdorf.de\/?p=4478\">Naturschutz-AG<\/a><\/p>\n\n\n\n<p><a href=\"https:\/\/grundschule-kleinblittersdorf.de\/?p=4468\">Spendenlauf<\/a><\/p>\n\n\n\n<p><a href=\"https:\/\/grundschule-kleinblittersdorf.de\/?p=4465\">Inklusion bringt zusammen<\/a><\/p>\n\n\n\n<p><a href=\"https:\/\/grundschule-kleinblittersdorf.de\/?p=4296\">B\u00fccherei<\/a><\/p>\n\n\n\n<p><a href=\"https:\/\/grundschule-kleinblittersdorf.de\/?p=4265\">Bundesvorlesetag 2022<\/a><\/p>\n\n\n\n<p><a href=\"https:\/\/grundschule-kleinblittersdorf.de\/?p=5035\">Flohmarkt <\/a>(Spendenaktion Tafel)<\/p>\n\n\n\n<p class=\"has-medium-font-size\"><\/p>\n","protected":false},"excerpt":{"rendered":"<p>Bildung f\u00fcr Nachhaltige Entwicklung Darstellung der Agenda 2030 in unserer Schule Challenge der Nachhaltigkeit Unser B\u00fcchereiteam hat sich eine tolle Herausforderung f\u00fcr die Sch\u00fclerInnen der GS Kleinblittersdorf \u00fcberlegt. Die Kinder k\u00f6nnen nun kleine Challenges bew\u00e4ltigen und diese beim n\u00e4chsten B\u00fcchereibesuch vorzeigen. So macht Nachhaltigkeit Spa\u00df und es wird in den Unterricht integriert. Bei den Klassen [&hellip;]<\/p>\n","protected":false},"author":1,"featured_media":0,"parent":0,"menu_order":0,"comment_status":"closed","ping_status":"closed","template":"","meta":[],"_links":{"self":[{"href":"https:\/\/grundschule-kleinblittersdorf.de\/index.php?rest_route=\/wp\/v2\/pages\/4822"}],"collection":[{"href":"https:\/\/grundschule-kleinblittersdorf.de\/index.php?rest_route=\/wp\/v2\/pages"}],"about":[{"href":"https:\/\/grundschule-kleinblittersdorf.de\/index.php?rest_route=\/wp\/v2\/types\/page"}],"author":[{"embeddable":true,"href":"https:\/\/grundschule-kleinblittersdorf.de\/index.php?rest_route=\/wp\/v2\/users\/1"}],"replies":[{"embeddable":true,"href":"https:\/\/grundschule-kleinblittersdorf.de\/index.php?rest_route=%2Fwp%2Fv2%2Fcomments&post=4822"}],"version-history":[{"count":13,"href":"https:\/\/grundschule-kleinblittersdorf.de\/index.php?rest_route=\/wp\/v2\/pages\/4822\/revisions"}],"predecessor-version":[{"id":5053,"href":"https:\/\/grundschule-kleinblittersdorf.de\/index.php?rest_route=\/wp\/v2\/pages\/4822\/revisions\/5053"}],"wp:attachment":[{"href":"https:\/\/grundschule-kleinblittersdorf.de\/index.php?rest_route=%2Fwp%2Fv2%2Fmedia&parent=4822"}],"curies":[{"name":"wp","href":"https:\/\/api.w.org\/{rel}","templated":true}]}}