{"id":161,"date":"2012-05-09T22:09:50","date_gmt":"2012-05-09T20:09:50","guid":{"rendered":"http:\/\/grundschule-kleinblittersdorf.de\/?page_id=161"},"modified":"2023-10-11T22:00:39","modified_gmt":"2023-10-11T20:00:39","slug":"pausen-1x1","status":"publish","type":"page","link":"https:\/\/grundschule-kleinblittersdorf.de\/?page_id=161","title":{"rendered":"Pausen 1&#215;1"},"content":{"rendered":"<p>Aktuell wird im Geb\u00e4ude der Schule, an einem Freitag im Monat, ein Fr\u00fchst\u00fcck f\u00fcr alle Schulkinder angeboten. Hierzu treffen sich Freitagsmorgens freiwillige Eltern, um gemeinsam das Fr\u00fchst\u00fcck vorzubereiten.<\/p>\n<p>F\u00fcr 50 Cent pro Teil k\u00f6nnen sich die Kinder aus einem reichhaltigen Angebot ihr Fr\u00fchst\u00fcck selbst zusammenstellen und nebenbei auch lernen mit Geld umzugehen. Obst und Gem\u00fcse sind selbstverst\u00e4ndlich kostenlos.<\/p>\n<p>Folgende Speisen stehen u.a. zur Auswahl (variierend, je nach Motto der Veranstaltung, z.B. Ostern, Fasching, Halloween usw.):<\/p>\n<ul>\n<li>HUGO: ein halbes, mit Frischk\u00e4se bestrichenes Br\u00f6tchen, welches mit frischem Gem\u00fcse in ein lustiges Gesicht verwandelt wird<\/li>\n<li>M\u00fcsli und Cornflakes<a href=\"https:\/\/grundschule-kleinblittersdorf.de\/wp-content\/uploads\/2012\/05\/IMG_0001.jpg\"><img loading=\"lazy\" class=\"size-medium wp-image-163 alignright\" title=\"Hugos\" src=\"https:\/\/grundschule-kleinblittersdorf.de\/wp-content\/uploads\/2012\/05\/IMG_0001-300x225.jpg\" alt=\"\" width=\"175\" height=\"133\" \/><\/a><\/li>\n<li>Belegte Brote (Salami, K\u00e4se, Marmelade o.\u00e4.)<\/li>\n<li>Laugenteile<\/li>\n<li>Herzhafte Teilchen (aus Bl\u00e4tterteig) oder Wraps u. \u00e4.<\/li>\n<li>v.m.<\/li>\n<\/ul>\n<p>An besonderen Anl\u00e4ssen, wie Ostern, Halloween, Weihnachten usw. werden noch Muffins, verschiedene Kuchen und weitere s\u00fc\u00dfe Spezialit\u00e4ten angeboten.<\/p>\n<p><strong>Ablauf<\/strong>: Zum Schuljahresbeginn starten wir mit den Erstkl\u00e4sslern, danach beginnen immer die Klassen im roulierenden System, so dass die Reihenfolge der Klassen immer gerecht festgelegt wird. Auch die Lehrer sind immer herzlich eingeladen &#x1f60a;<\/p>\n<p><strong>Was wir brauchen: <\/strong>Pro Termin ben\u00f6tigen wir zur Vorbereitung des Fr\u00fchst\u00fccks 8-10 freiwillige Helfer, die mit uns Obst und Gem\u00fcse schnipseln, Brote belegen, backen und gemeinsam ein sch\u00f6nes Buffet f\u00fcr unsere Schulkinder zaubern. Die \u201eHelferzeit\u201c ist von 07.15 \u2013 10.30 Uhr.<\/p>\n<p>Dieses Fr\u00fchst\u00fcck wird durch freiwillige Eltern, Helfer, Gro\u00dfeltern und Tanten organisiert und durchgef\u00fchrt. Nur wenn wir genug Helfer zusammenbekommen, k\u00f6nnen wir den Kindern einen Freitag im Monat eine Freude bereiten.<\/p>\n<p>Wer nun Lust versp\u00fcrt mitzuhelfen, meldet sich bitte unter <a href=\"mailto:Pausen1x1@grundschule-kleinblittersdorf.de\"><strong>Pausen1x1@grundschule-kleinblittersdorf.de<\/strong><\/a>.<\/p>\n<p>Wir freuen uns \u00fcber jede helfende Hand.<\/p>\n<p>Euer Pausen1x1 Team<\/p>\n","protected":false},"excerpt":{"rendered":"<p>Aktuell wird im Geb\u00e4ude der Schule, an einem Freitag im Monat, ein Fr\u00fchst\u00fcck f\u00fcr alle Schulkinder angeboten. Hierzu treffen sich Freitagsmorgens freiwillige Eltern, um gemeinsam das Fr\u00fchst\u00fcck vorzubereiten. F\u00fcr 50 Cent pro Teil k\u00f6nnen sich die Kinder aus einem reichhaltigen Angebot ihr Fr\u00fchst\u00fcck selbst zusammenstellen und nebenbei auch lernen mit Geld umzugehen. Obst und Gem\u00fcse [&hellip;]<\/p>\n","protected":false},"author":4,"featured_media":0,"parent":66,"menu_order":1,"comment_status":"closed","ping_status":"closed","template":"","meta":[],"_links":{"self":[{"href":"https:\/\/grundschule-kleinblittersdorf.de\/index.php?rest_route=\/wp\/v2\/pages\/161"}],"collection":[{"href":"https:\/\/grundschule-kleinblittersdorf.de\/index.php?rest_route=\/wp\/v2\/pages"}],"about":[{"href":"https:\/\/grundschule-kleinblittersdorf.de\/index.php?rest_route=\/wp\/v2\/types\/page"}],"author":[{"embeddable":true,"href":"https:\/\/grundschule-kleinblittersdorf.de\/index.php?rest_route=\/wp\/v2\/users\/4"}],"replies":[{"embeddable":true,"href":"https:\/\/grundschule-kleinblittersdorf.de\/index.php?rest_route=%2Fwp%2Fv2%2Fcomments&post=161"}],"version-history":[{"count":18,"href":"https:\/\/grundschule-kleinblittersdorf.de\/index.php?rest_route=\/wp\/v2\/pages\/161\/revisions"}],"predecessor-version":[{"id":4697,"href":"https:\/\/grundschule-kleinblittersdorf.de\/index.php?rest_route=\/wp\/v2\/pages\/161\/revisions\/4697"}],"up":[{"embeddable":true,"href":"https:\/\/grundschule-kleinblittersdorf.de\/index.php?rest_route=\/wp\/v2\/pages\/66"}],"wp:attachment":[{"href":"https:\/\/grundschule-kleinblittersdorf.de\/index.php?rest_route=%2Fwp%2Fv2%2Fmedia&parent=161"}],"curies":[{"name":"wp","href":"https:\/\/api.w.org\/{rel}","templated":true}]}}